 2)
24
What is 7 + -3 + 2 + -17 - -5?
-6
What is the value of -1 + -10 - (5 - (36 + -14) - -9)?
-3
Calculate (-1 - -1) + -10 - (7638 - 7651).
3
What is -19 + (-11 - -19) + (-9 - -2)?
-18
Evaluate -8 + -7 + -2 + 4 + -7 + 11.
-9
(-3 - (10 + -18)) + -4
1
748 - 750 - (22 + -1)
-23
What is the value of -6 + 7 + 4 + (-1 - -4) + 1?
9
1 + -17 + (242 - 248)
-22
Calculate (162 - 139) + (-2 - 1).
20
Evaluate (-9 - -1) + -8 - (3 - 51).
32
Calculate 334 + -337 - (0 + 11).
-14
Calculate -2 - (-4 + 2) - (80 - 74).
-6
Evaluate 32 + -13 + 6 - (-13 - -23).
15
Evaluate -44 + -13 + 39 - 5.
-23
What is -1 - (16 + 9 + -2)?
-24
(1 - 10) + -338 + 350
3
What is the value of 7 + (-21 + 12 - -1)?
-1
What is the value of -4 + 52 + -18 + -13?
17
-12 + 0 + 10 + 6 + -8 + 10
6
Calculate -33 + 20 + -5 - -7.
-11
((6 - -3) + -9 - -7) + 5
12
Evaluate 6 + (16 + (5 - 12) - 12).
3
-15 + 8 - (1 - 8 - 1)
1
Evaluate (-6 - (-8 + 1 - -2)) + -11 + -8.
-20
-34 + 33 + 8 + -1
6
Calculate 9 + -17 + (10 - 6 - -11 - 4).
3
What is the value of (0 - 16) + -18 + (9 - (-14 + 8))?
-19
Calculate -9 + (-14 + 9 - -7 - 5).
-12
4 + -13 - ((-2 - (-3 - -2)) + 4)
-12
What is the value of (30 - (5 - -62)) + 13?
-24
Evaluate (1 + -6 - (47 + -47)) + -11.
-16
Calculate -51 - -17 - -24 - (18 + -3).
-25
(8 - (0 - 3)) + -171 + 162
2
Evaluate 5 - (-1 + 5 - 8 - (-14 - 2)).
-7
-14 + (0 - (-6 + 2))
-10
What is -4 + 5 + -1 - (9 + 4 - 9)?
-4
Evaluate -1 + (-5 - (-9 - -14 - (-4 - -11))).
-4
What is 33 + -33 + (4 - (-5 + 2 - -2))?
5
What is -110 + 120 + (-4 - (24 + -1))?
-17
What is -830 + 825 - (-14 + (0 - 0))?
9
25 - (-40 + 35 - (-1 - 8) - 3)
24
What is (-3 - (-5 - -5)) + 2 + -4?
-5
What is the value of -1 + 1 + -3 - (7 + (-41 - -42))?
-11
What is the value of -58 + 81 - (2 + 3 - 0)?
18
What is the value of 27 + (-14 - -16) - 16?
13
(-120 - -121) + (3 + -3 + -1 - 0)
0
Calculate -19 + (21 - 12) + -14.
-24
-47 + 33 + -8 + (10 - 1)
-13
What is 2 + (-9 + 11 - -8)?
12
Evaluate -8 + 1 + 8 + -9 - -7.
-1
19 + -20 + -6 - -11
4
Calculate -10 + (-5 + -30 + 40 - (0 - -7)).
-12
What is (-37 + 36 + -1 + 13 - 8) + -11?
-8
(2 + 2 + -8 - (13 + 1)) + 5
-13
What is the value of 3 + 4 + 3 + -8 - (-1 + -12)?
15
Evaluate 23 - (-24 + 48) - (1 - -24).
-26
What is 4 + -3 + 15 - (381 - 377)?
12
Evaluate -18 - (-26 - -15) - -14.
7
What is the value of -5 - (28 + -71 - -46)?
-8
Evaluate 0 - 14 - (-122 + 109).
-1
What is -4 + 15 + -4 + 2 + -3?
6
(-6 - (55 - 57 - (2 + -1))) + -1
-4
Calculate -29 + 18 - (-6 - 0).
-5
What is (2253 - 2265) + (11 - (3 + 0 + -1))?
-3
Evaluate 32 + (-3 - (32 + 10)).
-13
-16 + -1 + (-28 - -42)
-3
Calculate -8 + (2 - -8) + 2 + 0.
4
Evaluate (8 - -2) + -142 + 132.
0
What is the value of -126 + 138 + 3 + -39?
-24
Evaluate 2 - ((39 - 18) + -16).
-3
What is -7 + -3 + 30 + -41 + (2 - -4)?
-15
2 + -7 - (-2 + -2 - (14 - 7))
6
What is the value of (7 - (4 - 47)) + (-12 - -6 - 4)?
40
What is -4 - ((2 - 25) + (11 - 4))?
12
18 + -33 + 9 + 2 + 1 + 15
12
What is -6 + 17 + -44 - -58?
25
20 - (33 - 13) - (-3 + (17 - 3))
-11
What is (-483 - -476) + (-2 + 4 + -3 - 1)?
-9
Calculate 2 + (6 - (-10 + (-4 - -10) - 0)).
12
What is 14 + (-106 + 109 - (1 - 12))?
28
-5 + (0 - -3) - (20 + (0 - 9))
-13
Evaluate -13 + 26 - (-7 + 35).
-15
11 + -21 - (-28 - -8)
10
Evaluate (354 - 343) + (1 - 1).
11
Evaluate -42 + (-32 - -29) + 38.
-7
What is the value of (1 + 2 + -1 - 36) + (-315 - -324)?
-25
10 + (-73 - -12) + 35
-16
Calculate -17 + 3 + 9 - -14 - (5 - -2).
2
3 + -2 - (-2 - (-7 - -3))
-1
-1 + 0 - (2 - (-2 + 10))
5
Calculate -5 + 4 + 2 - (-9 + -1).
11
Calculate -6 - (-15 + -31 + 12).
28
(0 + 5 + -13 - -4) + (-2 - -18)
12
Calculate 16 + (-16 + (-10 - -8) - -12).
10
Evaluate 39 + -19 + (22 - 25).
17
Evaluate 2 - -2 - 6 - (-3 + 3 + -13).
11
What is -3 - (-36 + -11 + 27)?
17
-5 + (11 - (1 - -2) - 3) + 6
6
Evaluate -16 + (35 - (-18 + 45)).
-8
(-9 - -19) + -8 - (1 - (-27 + -5))
-31
What is the value of (20 - 6) + 23 - 14?
23
-3 + -4 + (0 - (-2 - -5))
-10
Calculate 4 + 0 - (-5 - (16 + -8 - 8)).
9
Evaluate -3 - (1 + -1) - ((-8 - -21) + 0).
-16
Evaluate 1 + 6 + 1 - 8.
0
(7 + -11 - 39 - -15) + 3
-25
-10 - (-36 - (1 + -6) - -8)
13
Evaluate -6 + ((-3 - -11) + -3 - 13).
-14
What is 2 + (3 - -1) + 25 + -12?
19
Evaluate -19 - (-24 + (-10 - -18)).
-3
Evaluate (-20 - -1) + (60 - 47) + -3 + -2.
-11
Evaluate 17 + (-15 - 8) + 7 + -10.
-9
What is -2 + (-1 - -10) - (-4 - (9 + -49))?
-29
What is the value of (-9 - (-8 - -13)) + 7?
-7
What is (9 - (0 - -13 - 12)) + 8?
16
Calculate -43 - (-45 - 28) - (1 - -6).
23
What is the value of -5 - 1 - (-4 + 13 + -7 - 9)?
1
3 + (23 - 27) + -17
-18
What is 3 + 1 + 3 + -18 + (10 - 5)?
-6
(8 - -1) + (-1 - 8) + 1 + -19
-18
What is the value of 15 + -14 + 0 - 14?
-13
What is -1 + -3 - ((4 - -18) + -10 + -21)?
5
Evaluate -11 + (26 - 10) - 12.
-7
What is the value of (6 - -1) + -7 + (-10 - 0) + 5?
-5
What is -57 + (-25 - -30) - -42?
-10
Evaluate 4 + (7 + -7 - 7) + -20.
-23
Calculate 34 + -30 + -8 + (2 + 0 - 4).
-6
Calculate (600 - 620) + (9 - 0).
-11
Calculate 55 + -62 + (4 + -7 + -1 - -10).
-1
(68 - 78) + (-8 - -3) + 17 + -30
-28
Evaluate 117 + -99 - (-5 - (-4 - -2)).
21
Evaluate -11 + 42 + -29 + -9 + -1.
-8
What is -5 - (-19 + 13 - (-13 + 3))?
-9
What is the value of -22 + (48 - -22) + -26?
22
Calculate -8 + 2 + (-20 - -31).
5
What is (-3 - -1) + -52 + 48 - (-4 + 9)?
-11
Calculate -1 + -1 + 21 + 11.
30
What is -5 - (2 - 14) - -5 - (-3 - -1)?
14
What is -16 + 63 + (-9 - 18)?
20
Evaluate (38 - 2) + -3 + (-135 - -127).
25
Calculate -2 + 3 + -8 + 6 - (-3 - 5).
7
Evaluate -23 + 19 + -48 + 48.
-4
(-6 - (-6 + 6 + -10 + 5)) + 10
9
14 + (0 - (-2 - -1) - -2) + -7
10
Calculate -2 + 2 + 19 - (254 - 247).
12
Evaluate 6 - (-4 + -9 + 24).
-5
What is -1 + 1 + -4 - (6 - (14 + -5))?
-1
(-14 - -12) + (-11 - -9)
-4
8 - (-4 - (-4 - (-4 - 3) - 23))
-8
Calculate -24 - (7 + 3 + 9 + -15 - 2).
-26
-3 - ((3 - 25) + 20)
-1
Calculate -10 + (24 - (51 - 31)).
-6
Calculate -2 + -8 - (4 - 8) - 0 - 6.
-12
(16 - 13) + -34 - -30
-1
What is 17 + (-23 - -28) + (-16 - -5)?
11
What is 471 + -510 - (3 - 34)?
-8
Evaluate (2 - (10 - (-5 + 9)) - -24) + -8.
12
Evaluate -15 - (9 - (18 - 1)).
-7
What is 34 + (-16 - 1) - 15 - 7?
-5
What is the value of -8 - (-6 + -1 - 5) - -7?
11
What is the value of -34 + (21 - -5) - (0 - -1 - 13)?
4
What is (6 - 18) + -26 + 73?
35
3 + -2 + (-59 - -54) + -8 + -1
-13
What is -28 + 60 + -41 + (-2 - (4 + 2))?
-17
Evaluate (33 + -22 - 22) + (-2 - -10).
-3
What is the value of (-11 + 28 - 12) + 1?
6
What is 4 + -1 + -1 - ((-14 - 9) + 14)?
11
What is -4 + (0 + 0 - -6) + (-53 - -48)?
-3
Calculate (-21 - 0) + -5 + 39 + 11.
24
What is the value of -7 + -51 + 46 + (-1 - (2 - -1))?
-16
8 + -15 + 27 - ((7 - 19) + 13)
19
What is 8 + -14 + -1 + 9 + 7 + 1?
10
What is 123 + -119 - (-1 - (1 - 0))?
6
What is the value of (7 - 24) + 12 + -4 + 1?
-8
Evaluate (1 - (10 - -9)) + 8 - (-1 - -3).
-12
What is the value of 14 + (10 - ((1 - -5) + (2 - 1)))?
17
Calculate 25 + (-3 - 3) + 4 + -7.
16
Evaluate 1 + (16 - (10 - -3)) + (-1 - -2).
5
Calculate 0 - -2 - (-2 + 10).
-6
Calculate (-13 - (-1 + 0)) + (7 + 5 - 6).
-6
Calculate 6 - (5 + -1 - (-24 + 23)).
1
Evaluate 1 + -6 + (11 - 11).
-5
Calculate (-2 + 0 - 4) + (81 - 83).
-8
Evaluate 4 + 18 + -11 + (4 - (2 + -3)).
16
Evaluate 13 - (-4 - (2 + -22 + 11)).
8
What is -7 - (7 - (3 - -5 - -1)) - 9?
-14
12 + -14 + -12 - -15
1
-3 + -2 - -18 - (1 - -6)
6
Evaluate 4 + 1 + (-5 + 6 - (-3 - 0)).
9
Evaluate -10 - 0 - (-16 + (30 - 14)).
-10
-4 - -3 - 6 - (-29 - -24)
-2
What is -16 + (-2 - -10 - 6 - -1)?
-13
What is the value of (9 + -25 - -5) + (7 - 1)?
-5
22 + -1 + ((-10 - -13) + -11 - -9)
22
Evaluate -4 - ((-3 - 4) + 7).
-4
Evaluate -12 + (-6 - -8) - (-5 - -13).
-18
What is 21 - 10 - -2 - 11?
2
-4 + 29 + -1 + 1 + 114 + -119
20
What is the value of -77 + 38 + 67 - -6?
34
What is (4 - 1) + 0 + 9 + 1?
13
Evaluate 3 + -16 + (6 - (6 + (1 - 4))).
-10
What is the value of -47 + 40 - (0 - -2) - -7?
-2
What is the value of -42 + -29 + (-3 - -80)?
6
Evaluate -15 + ((7 - 13) + (0 - -1) - -10).
-10
Calculate 0 + -8 + 37 + -35.
-6
Calculate 2 + 8 - 4 - (86 + -66).
-14
Evaluate 34 - (-16 + 4 + -3) - 10.
39
Evaluate 17 - (37 - (3 - -14)).
-3
Evaluate 18 + (-13 - -12) - (0 - (3 + 2)).
22
What is -3 - -1 - ((-6 - 3) + 5)?
2
What is 2 - (-1 + 7) - (55 + -29)?
